 + g**2 + 6*g - 10. Determine l(3).
71
Let l(z) = z**3 - 32*z**2 - 68*z + 38. Calculate l(34).
38
Let h(s) = -s**3 - 6*s**2 - 6*s - 9. Calculate h(-6).
27
Let k(i) = -i**2 + 22*i + 57. What is k(24)?
9
Let u(n) = n**2 - 3*n - 108. Give u(12).
0
Let n(q) = -q + 2. What is n(-2)?
4
Let g(j) = j**3 - 3*j**2 - 18*j. What is g(-4)?
-40
Let o(v) = v - 4. Give o(3).
-1
Let h(p) = -p**3 + 13*p**2 + p - 19. Calculate h(13).
-6
Let v(z) = 2*z. Give v(-17).
-34
Let g(r) = -r**3 + 8*r**2 - 4*r + 26. Calculate g(8).
-6
Let j(g) = -g**2 + 9*g + 63. What is j(15)?
-27
Let f(n) = n**2 - 5*n - 47. Give f(10).
3
Let h(p) = -5*p**2 - 11*p + 12. Determine h(-5).
-58
Let a(x) = -x**2 + 3*x - 3. Calculate a(5).
-13
Let p(r) = -r**2 - 14*r - 22. Determine p(-15).
-37
Let r(b) = -2*b**2 + 18*b - 49. Calculate r(3).
-13
Let k(w) = -w + 39. Determine k(-10).
49
Let t(n) = n**2 - 5*n - 1. Determine t(9).
35
Let a(n) = n**2 - 20*n - 99. Calculate a(24).
-3
Let c(m) = -m**2 + 19. What is c(6)?
-17
Let g(k) = 53*k - 420. What is g(8)?
4
Let u(x) = -34*x + 29. Calculate u(1).
-5
Let z(f) = -f**3 - 14*f**2 - 17*f + 8. Calculate z(-13).
60
Let a(m) = -31*m + 172. Determine a(6).
-14
Let g(a) = a**2 + 20*a - 18. Give g(-23).
51
Let p(h) = -3*h + 55. Give p(9).
28
Let n(r) = -r**3 - 2*r**2 + 15*r + 27. Give n(-4).
-1
Let v(r) = r**3 + 30*r**2 - r - 37. Determine v(-30).
-7
Let t(z) = z + 24. Give t(-11).
13
Let f(k) = k**2 + 7*k + 10. Calculate f(-2).
0
Let v(q) = -q**2 - 22*q - 19. Calculate v(-22).
-19
Let s(n) = n**3 + 18*n**2 + 19*n + 3. Give s(-17).
-31
Let k(m) = -2*m + 38. Give k(17).
4
Let n(c) = c**2 - 9*c - 3. Give n(10).
7
Let x(w) = -w**3 - w**2 + 7*w + 2. What is x(-3)?
-1
Let n(p) = p**2 + 8*p + 10. Calculate n(-4).
-6
Let n(v) = -2*v - 71. Determine n(-36).
1
Let d(k) = 147*k - 1. Calculate d(-1).
-148
Let s(y) = -2*y**3 - 2*y + 3. What is s(3)?
-57
Let j(y) = -4*y**2. Determine j(-1).
-4
Let o(s) = -s + 2. Calculate o(-4).
6
Let b(m) = m**3 + 6*m**2 + 3*m - 7. Determine b(-6).
-25
Let j(s) = -s**3 - 4*s**2 + 2*s - 4. Calculate j(-3).
-19
Let r(k) = k**2 + 3*k - 11. Calculate r(-4).
-7
Let v(n) = -2*n**2 + 79*n + 38. Determine v(40).
-2
Let t(u) = -u**3 + u**2 - 2*u + 2. Give t(3).
-22
Let h(m) = -m - 12. Determine h(-5).
-7
Let f(i) = 3*i + 34. What is f(-7)?
13
Let j(m) = m**3 + 29*m**2 - 25*m + 28. Determine j(-30).
-122
Let i(u) = 12*u - 77. Calculate i(5).
-17
Let f(o) = 2*o**2 - 4*o + 7. Determine f(2).
7
Let g(f) = 18*f - 737. Give g(41).
1
Let p(v) = v - 6. Give p(-2).
-8
Let a(j) = -j**3 - 33*j**2 - 138*j + 49. What is a(-28)?
-7
Let k(g) = 8*g - 15. Calculate k(6).
33
Let o(x) = -x + 29. Determine o(0).
29
Let i(l) = l**3 - 8*l**2 + 2*l + 1. Calculate i(6).
-59
Let y(x) = 4*x + 30. What is y(-8)?
-2
Let x(b) = b**2 + 9*b - 1. Give x(-9).
-1
Let m(d) = 9*d + 1. What is m(3)?
28
Let w(s) = -2*s**2 - 48*s + 48. Give w(-25).
-2
Let h(n) = -n - 12. What is h(19)?
-31
Let g(z) = z**2 - 10*z - 16. Determine g(10).
-16
Let k(a) = -2*a + 29. What is k(19)?
-9
Let u(h) = -6*h + 30. Determine u(5).
0
Let u(k) = -k**3 - 11*k**2 + 6. What is u(-11)?
6
Let b(g) = g**3 - 7*g**2 - 6*g + 2. Give b(8).
18
Let f(i) = 6*i**3 - 5*i - 5. Calculate f(-1).
-6
Let x(o) = 2*o**2 - 2*o - 2. Determine x(2).
2
Let p(a) = 13*a + 11. Calculate p(-2).
-15
Let k(v) = v**2 - 3*v - 12. Give k(-3).
6
Let i(r) = 17*r**3 - 7*r**2 + 5*r + 1. Give i(1).
16
Let v(c) = 2*c**2 - 13*c + 8. Determine v(6).
2
Let o(i) = i**2 + 2*i + 4. Determine o(-4).
12
Let d(f) = -2*f**2 - 2*f + 1. Calculate d(-3).
-11
Let m(d) = -d**2 + 19*d - 17. Calculate m(14).
53
Let s(a) = -a**3 - 43*a**2 - a - 43. Give s(-43).
0
Let h(d) = d + 18. Determine h(-20).
-2
Let r(o) = -3*o + 6. What is r(-7)?
27
Let w(d) = -d + 1. Determine w(-18).
19
Let f(q) = 10*q - 109. Determine f(11).
1
Let b(t) = -13*t + 53. Determine b(4).
1
Let w(i) = i + 11. What is w(-3)?
8
Let k(s) = s**2 + s - 3. Calculate k(-3).
3
Let o(r) = -2*r**2 - 2*r - 19. What is o(-4)?
-43
Let s(u) = -2*u**2 - 9*u - 20. Give s(-5).
-25
Let f(w) = -3*w + 9. What is f(4)?
-3
Let l(b) = b**3 - 14*b**2 + 6*b - 80. Determine l(14).
4
Let z(v) = v**3 + 11*v**2 + 18*v - 7. Give z(-9).
-7
Let y(m) = 2*m**3 + 20*m**2 - 9*m - 26. Calculate y(-10).
64
Let n(i) = i**2 + 4*i - 26. What is n(-4)?
-26
Let y(h) = -16*h - 147. Determine y(-8).
-19
Let f(z) = -z**2 + 14*z - 38. Determine f(7).
11
Let m(s) = -s + 1. What is m(1)?
0
Let x(z) = -z**3 - 18*z**2 - 36*z - 59. What is x(-16)?
5
Let z(c) = -c**2 - 14*c - 66. What is z(-13)?
-53
Let j(m) = -2*m**2 + 10*m - 7. Calculate j(6).
-19
Let w(a) = 6*a - 2. Determine w(-3).
-20
Let h(y) = -6*y - 11. Give h(-3).
7
Let d(n) = n**2 + 8*n - 85. Calculate d(6).
-1
Let s(h) = -h**3 - 6*h**2 - 12*h - 16. Give s(-7).
117
Let j(w) = -4*w - 72. Give j(-18).
0
Let h(a) = 5*a + 120. What is h(-25)?
-5
Let y(d) = -d**2 - 10*d + 12. Determine y(-12).
-12
Let c(j) = -2*j**2 + j + 1. What is c(2)?
-5
Let v(p) = p**2 - p + 3. Give v(0).
3
Let r(q) = 26*q + 5. Calculate r(-2).
-47
Let c(a) = a**2 - 7*a - 26. Determine c(-3).
4
Let l(w) = w**3 - 18*w**2 + 17*w - 12. Determine l(17).
-12
Let y(o) = 11*o - 114. Calculate y(12).
18
Let v(b) = -b**3 + 8*b**2 + 4*b - 3. Determine v(8).
29
Let d(s) = s**2 - 94*s - 393. Give d(-4).
-1
Let m(p) = -2*p**2 - 8*p - 11. What is m(-5)?
-21
Let l(h) = 10*h + 3. Calculate l(-1).
-7
Let w(f) = f**3 - 11*f**2 - f + 16. Calculate w(11).
5
Let y(x) = -x**2 - 3*x + 8. Give y(-4).
4
Let p(j) = 2*j**3 + 17*j**2 + 46*j + 46. Give p(-5).
-9
Let n(i) = 7*i**2 + 102*i + 60. What is n(-14)?
4
Let z(g) = -2*g**2 - 13*g + 30. What is z(2)?
-4
Let o(b) = b**3 - 3*b**2 - 2*b - 2. Determine o(4).
6
Let y(g) = g**2 - 9*g + 10. Calculate y(8).
2
Let x(h) = h**2 - 4*h. Give x(4).
0
Let m(t) = -t**3 - 7*t**2 - 13*t + 4. What is m(-5)?
19
Let p(n) = 14*n + 29. Determine p(-3).
-13
Let l(d) = -d**2 - 4*d - 3. Determine l(3).
-24
Let n(t) = -4*t - 3. Calculate n(4).
-19
Let f(x) = x**2 - 5*x - 6. Determine f(-1).
0
Let l(i) = -i**2 + 4*i + 17. What is l(7)?
-4
Let d(c) = 2*c - 24. What is d(16)?
8
Let q(y) = -18*y + 391. Calculate q(22).
-5
Let b(s) = 4*s**2 - 18*s - 3. What is b(5)?
7
Let h(r) = -r**2 - 9*r - 25. Determine h(-12).
-61
Let x(j) = -j**3 - 2*j**2 + 11*j + 2. Determine x(-6).
80
Let h(q) = q**3 + 2*q**2 - 4*q - 10. What is h(-3)?
-7
Let l(n) = 7*n + 5. Give l(-4).
-23
Let p(y) = y + 33. Determine p(0).
33
Let w(h) = -h**3 - 3*h**2 - 10*h - 13. Calculate w(-3).
17
Let d(l) = 6*l + 1. What is d(5)?
31
Let g(m) = -m**2 - m - 8. Determine g(5).
-38
Let o(p) = p - 16. What is o(11)?
-5
Let c(p) = p**2 - 10*p - 7. Give c(12).
17
Let r(a) = -a**3 - 5*a**2 - 3. Calculate r(-6).
33
Let i(o) = -o - 29. Determine i(0).
-29
Let b(p) = 2*p**2 - 6. Give b(-3).
12
Let q(u) = 13*u + 1. Calculate q(-3).
-38
Let y(f) = -f**3 + 12*f**2 - f + 21. Give y(12).
9
Let y(l) = l**3 - 7*l**2 - l - 7. What is y(7)?
-14
Let d(x) = -x**2 + 16*x - 29. Determine d(14).
-1
Let i(j) = -2*j**3 - 27*j**2 - 16*j - 27. What is i(-13)?
12
Let y(p) = p**3 - 3*p**2 - 2*p + 2. Determine y(4).
10
Let y(k) = k**3 - 29*k**2 - 36*k + 182. Determine y(30).
2
Let l(j) = j**3 + 3*j**2 - 17*j - 39. Calculate l(-3).
12
Let r(z) = 9*z + 40. What is r(-5)?
-5
Let d(u) = u**2 + 10*u - 12. Calculate d(-12).
12
Let y(z) = -12*z - 3. Give y(-1).
9
Let h(q) = q**3 - 13*q**2 + 23*q - 26. Determine h(11).
-15
Let p(y) = -2*y - 18. Determine p(-9).
0
Let m(g) = 4*g - 153. Determine m(37).
-5
Let c(p) = 5*p + 17. What is c(3)?
32
Let b(u) = -4*u + 13. Calculate b(11).
-31
Let t(d) = d**3 + 10*d**2 + 15*d + 59. Give t(-9).
5
Let m(p) = 12*p - 470. Determine m(39).
-2
Let r(j) = -37*j + 230. Give r(6).
8
Let d(b) = -51*b - 297. Determine d(-6).
9
Let t(y) = 10*y**2 - 27*y - 2. Give t(5).
113
Let b(l) = -2*l**3 - 30*l**2 - 2*l - 21. Determine b(-15).
9
Let v(y) = 4*y - 24. Calculate v(6).
0
Let z(m) = -25*m + 5. Calculate z(6).
-145
Let z(b) = -3*b - 3. Determine z(3).
-12
Let c(r) = -r**3 + 15*r**2 + 16*r + 6. Give c(16).
6
Let x(d) = -4*d**2 + 8*d - 13. Calculate x(3).
-25
Let k(p) = -p**2 - 6*p + 7. Calculate k(2).
-9
Let l(a) = -3*a - 27. Give l(-7).
-6
Let o(n) = -n**2 - 8*n - 4. Calculate o(-7).
3
Let o(r) = -72*r**2 - 2. Give o(-1).
-74
Let z(d) = 3*d**2 + 11. Determine 